172 is divided by 36?
28
What is the remainder when 184 is divided by 9?
4
What is the remainder when 527 is divided by 48?
47
What is the remainder when 170 is divided by 12?
2
What is the remainder when 248 is divided by 215?
33
Calculate the remainder when 3498 is divided by 175.
173
What is the remainder when 52 is divided by 28?
24
What is the remainder when 202 is divided by 55?
37
What is the remainder when 1378 is divided by 8?
2
Calculate the remainder when 97 is divided by 92.
5
Calculate the remainder when 484 is divided by 235.
14
What is the remainder when 282 is divided by 14?
2
What is the remainder when 879 is divided by 234?
177
What is the remainder when 3163 is divided by 113?
112
Calculate the remainder when 632 is divided by 312.
8
What is the remainder when 68 is divided by 9?
5
What is the remainder when 118 is divided by 100?
18
What is the remainder when 558 is divided by 56?
54
Calculate the remainder when 1120 is divided by 353.
61
Calculate the remainder when 353 is divided by 80.
33
Calculate the remainder when 116 is divided by 76.
40
What is the remainder when 911 is divided by 270?
101
What is the remainder when 1311 is divided by 14?
9
What is the remainder when 2747 is divided by 50?
47
What is the remainder when 540 is divided by 77?
1
What is the remainder when 7794 is divided by 23?
20
What is the remainder when 6677 is divided by 42?
41
What is the remainder when 1172 is divided by 69?
68
Calculate the remainder when 171 is divided by 57.
0
What is the remainder when 1667 is divided by 54?
47
Calculate the remainder when 676 is divided by 415.
261
What is the remainder when 188 is divided by 29?
14
Calculate the remainder when 1019 is divided by 987.
32
What is the remainder when 226 is divided by 43?
11
Calculate the remainder when 220 is divided by 32.
28
Calculate the remainder when 220 is divided by 27.
4
What is the remainder when 3398 is divided by 85?
83
Calculate the remainder when 135 is divided by 44.
3
Calculate the remainder when 54 is divided by 28.
26
What is the remainder when 2393 is divided by 37?
25
Calculate the remainder when 421 is divided by 53.
50
What is the remainder when 89 is divided by 41?
7
What is the remainder when 7823 is divided by 43?
40
Calculate the remainder when 6963 is divided by 258.
255
What is the remainder when 109 is divided by 23?
17
What is the remainder when 360 is divided by 86?
16
What is the remainder when 182 is divided by 142?
40
What is the remainder when 85 is divided by 9?
4
Calculate the remainder when 312 is divided by 106.
100
Calculate the remainder when 400 is divided by 103.
91
Calculate the remainder when 30 is divided by 7.
2
What is the remainder when 4705 is divided by 22?
19
Calculate the remainder when 314 is divided by 42.
20
Calculate the remainder when 262 is divided by 254.
8
What is the remainder when 219 is divided by 58?
45
What is the remainder when 724 is divided by 162?
76
Calculate the remainder when 1632 is divided by 78.
72
What is the remainder when 2967 is divided by 165?
162
What is the remainder when 258 is divided by 26?
24
What is the remainder when 3675 is divided by 282?
9
Calculate the remainder when 183 is divided by 53.
24
What is the remainder when 2618 is divided by 9?
8
What is the remainder when 600 is divided by 158?
126
Calculate the remainder when 165 is divided by 143.
22
What is the remainder when 1125 is divided by 1100?
25
What is the remainder when 737 is divided by 18?
17
Calculate the remainder when 924 is divided by 129.
21
What is the remainder when 498 is divided by 38?
4
Calculate the remainder when 125 is divided by 33.
26
What is the remainder when 32396 is divided by 97?
95
What is the remainder when 1222 is divided by 176?
166
What is the remainder when 720 is divided by 239?
3
Calculate the remainder when 265 is divided by 140.
125
What is the remainder when 3805 is divided by 112?
109
What is the remainder when 4827 is divided by 1604?
15
Calculate the remainder when 12 is divided by 7.
5
What is the remainder when 3112 is divided by 89?
86
Calculate the remainder when 231 is divided by 35.
21
Calculate the remainder when 177 is divided by 29.
3
What is the remainder when 678 is divided by 25?
3
What is the remainder when 30 is divided by 21?
9
What is the remainder when 23 is divided by 19?
4
What is the remainder when 624 is divided by 4?
0
Calculate the remainder when 224 is divided by 22.
4
What is the remainder when 12714 is divided by 120?
114
What is the remainder when 926 is divided by 19?
14
What is the remainder when 1970 is divided by 17?
15
Calculate the remainder when 42 is divided by 15.
12
Calculate the remainder when 503 is divided by 28.
27
Calculate the remainder when 29 is divided by 11.
7
What is the remainder when 37 is divided by 6?
1
What is the remainder when 15 is divided by 5?
0
What is the remainder when 410 is divided by 52?
46
Calculate the remainder when 12471 is divided by 126.
123
What is the remainder when 3826 is divided by 635?
16
Calculate the remainder when 1113 is divided by 1017.
96
What is the remainder when 3723 is divided by 311?
302
What is the remainder when 2894 is divided by 20?
14
What is the remainder when 28 is divided by 4?
0
What is the remainder when 430 is divided by 54?
52
What is the remainder when 348 is divided by 82?
20
Calculate the remainder when 3786 is divided by 252.
6
What is the remainder when 15247 is divided by 8?
7
Calculate the remainder when 226 is divided by 23.
19
Calculate the remainder when 281 is divided by 70.
1
Calculate the remainder when 149 is divided by 9.
5
What is the remainder when 212 is divided by 62?
26
What is the remainder when 23712 is divided by 142?
140
Calculate the remainder when 3171 is divided by 23.
20
Calculate the remainder when 397 is divided by 16.
13
What is the remainder when 136 is divided by 118?
18
Calculate the remainder when 174 is divided by 16.
14
Calculate the remainder when 29 is divided by 4.
1
What is the remainder when 471 is divided by 21?
9
What is the remainder when 173 is divided by 3?
2
What is the remainder when 498 is divided by 247?
4
What is the remainder when 672 is divided by 9?
6
What is the remainder when 58 is divided by 15?
13
Calculate the remainder when 2975 is divided by 24.
23
What is the remainder when 208 is divided by 33?
10
What is the remainder when 1322 is divided by 21?
20
What is the remainder when 418 is divided by 21?
19
What is the remainder when 1538 is divided by 154?
152
Calculate the remainder when 39 is divided by 25.
14
What is the remainder when 343 is divided by 132?
79
Calculate the remainder when 997 is divided by 100.
97
What is the remainder when 300 is divided by 288?
12
Calculate the remainder when 467 is divided by 228.
11
Calculate the remainder when 65364 is divided by 322.
320
What is the remainder when 1847 is divided by 12?
11
Calculate the remainder when 604 is divided by 18.
10
What is the remainder when 855 is divided by 291?
273
Calculate the remainder when 113 is divided by 19.
18
What is the remainder when 74 is divided by 8?
2
Calculate the remainder when 15 is divided by 11.
4
Calculate the remainder when 752 is divided by 58.
56
What is the remainder when 4372 is divided by 1448?
28
Calculate the remainder when 2450 is divided by 57.
56
Calculate the remainder when 6503 is divided by 21.
14
What is the remainder when 855 is divided by 170?
5
What is the remainder when 818 is divided by 66?
26
What is the remainder when 2681 is divided by 22?
19
Calculate the remainder when 11 is divided by 3.
2
What is the remainder when 207 is divided by 49?
11
What is the remainder when 97 is divided by 11?
9
Calculate the remainder when 254 is divided by 229.
25
What is the remainder when 20 is divided by 5?
0
Calculate the remainder when 534 is divided by 27.
21
What is the remainder when 14 is divided by 7?
0
Calculate the remainder when 605 is divided by 38.
35
What is the remainder when 335 is divided by 155?
25
What is the remainder when 593 is divided by 86?
77
What is the remainder when 662 is divided by 13?
12
Calculate the remainder when 775 is divided by 119.
61
Calculate the remainder when 2826 is divided by 23.
20
What 